{"id":10765,"date":"2022-07-05T10:02:33","date_gmt":"2022-07-05T15:02:33","guid":{"rendered":"https:\/\/zonales.quito.gob.ec\/?page_id=10765"},"modified":"2022-07-05T10:08:45","modified_gmt":"2022-07-05T15:08:45","slug":"politicas-de-privacidad","status":"publish","type":"page","link":"https:\/\/zonales.quito.gob.ec\/?page_id=10765","title":{"rendered":"Pol\u00edticas de Privacidad"},"content":{"rendered":"\t\t<div data-elementor-type=\"wp-page\" data-elementor-id=\"10765\" class=\"elementor elementor-10765\" data-elementor-post-type=\"page\">\n\t\t\t\t\t\t<section class=\"elementor-section elementor-top-section elementor-element elementor-element-7d7b1b7 elementor-section-boxed elementor-section-height-default elementor-section-height-default\" data-id=\"7d7b1b7\" data-element_type=\"section\" data-settings=\"{&quot;background_background&quot;:&quot;classic&quot;}\">\n\t\t\t\t\t\t<div class=\"elementor-container elementor-column-gap-default\">\n\t\t\t\t\t<div class=\"elementor-column elementor-col-100 elementor-top-column elementor-element elementor-element-768ddde\" data-id=\"768ddde\" data-element_type=\"column\">\n\t\t\t<div class=\"elementor-widget-wrap elementor-element-populated\">\n\t\t\t\t\t\t<div class=\"elementor-element elementor-element-56b4f4b elementor-widget elementor-widget-text-editor\" data-id=\"56b4f4b\" data-element_type=\"widget\" data-widget_type=\"text-editor.default\">\n\t\t\t\t<div class=\"elementor-widget-container\">\n\t\t\t\t\t\t\t\t\t<p>1. La navegaci\u00f3n por la informaci\u00f3n disponible en la Plataforma Zonales Quito es an\u00f3nima<\/p>\t\t\t\t\t\t\t\t<\/div>\n\t\t\t\t<\/div>\n\t\t\t\t<div class=\"elementor-element elementor-element-209343d elementor-widget elementor-widget-text-editor\" data-id=\"209343d\" data-element_type=\"widget\" data-widget_type=\"text-editor.default\">\n\t\t\t\t<div class=\"elementor-widget-container\">\n\t\t\t\t\t\t\t\t\t<p>2. Para utilizar los servicios contenidos en esta Plataforma el usuario, deber\u00e1 registrarse y proporcionar previamente los datos de car\u00e1cter personal, seg\u00fan la informaci\u00f3n espec\u00edfica que consta en cada tipo de \u00edtem.<\/p>\t\t\t\t\t\t\t\t<\/div>\n\t\t\t\t<\/div>\n\t\t\t\t<div class=\"elementor-element elementor-element-d47a46f elementor-widget elementor-widget-text-editor\" data-id=\"d47a46f\" data-element_type=\"widget\" data-widget_type=\"text-editor.default\">\n\t\t\t\t<div class=\"elementor-widget-container\">\n\t\t\t\t\t\t\t\t\t<p>3. Como principio general, este sitio web no comparte ni revela informaci\u00f3n obtenida, excepto cuando haya sido autorizada por el usuario, o la informaci\u00f3n sea requerida por la autoridad judicial competente, fiscal\u00eda o la polic\u00eda judicial.<\/p>\t\t\t\t\t\t\t\t<\/div>\n\t\t\t\t<\/div>\n\t\t\t\t\t<\/div>\n\t\t<\/div>\n\t\t\t\t\t<\/div>\n\t\t<\/section>\n\t\t\t\t<\/div>\n\t\t","protected":false},"excerpt":{"rendered":"<p>1. La navegaci\u00f3n por la informaci\u00f3n disponible en la Plataforma Zonales Quito es an\u00f3nima 2. Para utilizar los servicios contenidos en esta Plataforma el usuario, deber\u00e1 registrarse y proporcionar previamente los datos de car\u00e1cter personal, seg\u00fan la informaci\u00f3n espec\u00edfica que consta en cada tipo de \u00edtem. 3. Como principio general, este sitio web no comparte [&hellip;]<\/p>\n","protected":false},"author":1,"featured_media":0,"parent":0,"menu_order":0,"comment_status":"closed","ping_status":"closed","template":"","meta":{"_monsterinsights_skip_tracking":false,"_monsterinsights_sitenote_active":false,"_monsterinsights_sitenote_note":"","_monsterinsights_sitenote_category":0,"footnotes":""},"class_list":["post-10765","page","type-page","status-publish","hentry"],"_links":{"self":[{"href":"https:\/\/zonales.quito.gob.ec\/index.php?rest_route=\/wp\/v2\/pages\/10765","targetHints":{"allow":["GET"]}}],"collection":[{"href":"https:\/\/zonales.quito.gob.ec\/index.php?rest_route=\/wp\/v2\/pages"}],"about":[{"href":"https:\/\/zonales.quito.gob.ec\/index.php?rest_route=\/wp\/v2\/types\/page"}],"author":[{"embeddable":true,"href":"https:\/\/zonales.quito.gob.ec\/index.php?rest_route=\/wp\/v2\/users\/1"}],"replies":[{"embeddable":true,"href":"https:\/\/zonales.quito.gob.ec\/index.php?rest_route=%2Fwp%2Fv2%2Fcomments&post=10765"}],"version-history":[{"count":5,"href":"https:\/\/zonales.quito.gob.ec\/index.php?rest_route=\/wp\/v2\/pages\/10765\/revisions"}],"predecessor-version":[{"id":10770,"href":"https:\/\/zonales.quito.gob.ec\/index.php?rest_route=\/wp\/v2\/pages\/10765\/revisions\/10770"}],"wp:attachment":[{"href":"https:\/\/zonales.quito.gob.ec\/index.php?rest_route=%2Fwp%2Fv2%2Fmedia&parent=10765"}],"curies":[{"name":"wp","href":"https:\/\/api.w.org\/{rel}","templated":true}]}}