{"id":147649,"date":"2023-11-15T15:32:13","date_gmt":"2023-11-15T20:32:13","guid":{"rendered":"https:\/\/zonales.quito.gob.ec\/?page_id=147649"},"modified":"2023-11-24T14:34:10","modified_gmt":"2023-11-24T19:34:10","slug":"propuesta-ordenanza-metropolitana-de-bienes-inmuebles-inventariados-o-de-interes-patrimonial-espacio-publico-conjuntos-areas-historicas-y-areas-patrimoniales","status":"publish","type":"page","link":"https:\/\/zonales.quito.gob.ec\/?page_id=147649","title":{"rendered":"Propuesta &#8211;  \u201cOrdenanza Metropolitana de Bienes Inmuebles Inventariados o de Inter\u00e9s Patrimonial, Espacio P\u00fablico, Conjuntos, \u00c1reas Hist\u00f3ricas y \u00c1reas Patrimoniales\u201d"},"content":{"rendered":"","protected":false},"excerpt":{"rendered":"","protected":false},"author":1,"featured_media":0,"parent":0,"menu_order":0,"comment_status":"open","ping_status":"closed","template":"template\/fullwidth.php","meta":{"_monsterinsights_skip_tracking":false,"_monsterinsights_sitenote_active":false,"_monsterinsights_sitenote_note":"","_monsterinsights_sitenote_category":0,"footnotes":""},"class_list":["post-147649","page","type-page","status-publish","hentry"],"_links":{"self":[{"href":"https:\/\/zonales.quito.gob.ec\/index.php?rest_route=\/wp\/v2\/pages\/147649","targetHints":{"allow":["GET"]}}],"collection":[{"href":"https:\/\/zonales.quito.gob.ec\/index.php?rest_route=\/wp\/v2\/pages"}],"about":[{"href":"https:\/\/zonales.quito.gob.ec\/index.php?rest_route=\/wp\/v2\/types\/page"}],"author":[{"embeddable":true,"href":"https:\/\/zonales.quito.gob.ec\/index.php?rest_route=\/wp\/v2\/users\/1"}],"replies":[{"embeddable":true,"href":"https:\/\/zonales.quito.gob.ec\/index.php?rest_route=%2Fwp%2Fv2%2Fcomments&post=147649"}],"version-history":[{"count":22,"href":"https:\/\/zonales.quito.gob.ec\/index.php?rest_route=\/wp\/v2\/pages\/147649\/revisions"}],"predecessor-version":[{"id":148684,"href":"https:\/\/zonales.quito.gob.ec\/index.php?rest_route=\/wp\/v2\/pages\/147649\/revisions\/148684"}],"wp:attachment":[{"href":"https:\/\/zonales.quito.gob.ec\/index.php?rest_route=%2Fwp%2Fv2%2Fmedia&parent=147649"}],"curies":[{"name":"wp","href":"https:\/\/api.w.org\/{rel}","templated":true}]}}